42
In base 16, what is -23e + 452?
214
In base 3, what is -100001 - -210011?
110010
In base 10, what is 18 + -109?
-91
In base 10, what is -4 - 523648?
-523652
In base 11, what is -9290 + 4?
-9287
In base 14, what is -2 + -12255?
-12257
In base 16, what is -2 - 145f4?
-145f6
In base 8, what is 1 - -35230?
35231
In base 16, what is -8 - e48?
-e50
In base 11, what is -472a - -7a?
-4660
In base 5, what is -2223 + -23?
-2301
In base 8, what is 24004 + 46?
24052
In base 8, what is -767 + -2?
-771
In base 4, what is -1 - 2110310?
-2110311
In base 12, what is -8536 - 5?
-853b
In base 8, what is -1521417 + -5?
-1521424
In base 4, what is 1033030 - -12?
1033102
In base 4, what is 1312 - -22221?
30133
In base 16, what is -ad + 175d?
16b0
In base 3, what is -22220100012 - -12?
-22220100000
In base 3, what is 11 - 1010112002?
-1010111221
In base 7, what is -61001 + 2?
-60666
In base 13, what is -16 + 66c?
656
In base 9, what is 740 + 46?
786
In base 9, what is 14 + -7103?
-7078
In base 16, what is -2bd - 11?
-2ce
In base 8, what is 11534 + 1?
11535
In base 14, what is 2 + 17c75?
17c77
In base 10, what is -257 + -1165?
-1422
In base 3, what is 2112120012 - -11?
2112120100
In base 7, what is 53500 + 61?
53561
In base 10, what is 493 - 13?
480
In base 12, what is -3 - 4202?
-4205
In base 15, what is -207 - 1?
-208
In base 8, what is 24346 + -1?
24345
In base 4, what is -11 - -200031?
200020
In base 6, what is -2130051 + -3?
-2130054
In base 4, what is -2 - 2330110?
-2330112
In base 4, what is -102111101 - -22?
-102111013
In base 3, what is -220102 - -1122?
-211210
In base 5, what is 230 - 1004?
-224
In base 10, what is -2 - 47091?
-47093
In base 8, what is -371 + -13066?
-13457
In base 3, what is 21212 - 2110?
12102
In base 9, what is 87 + -1032?
-834
In base 11, what is 4 - 31a5?
-31a1
In base 9, what is 20415 - -4?
20420
In base 2, what is -11 + -1000000000010?
-1000000000101
In base 8, what is -3346 + 11?
-3335
In base 8, what is -2405 + 15?
-2370
In base 9, what is 56 + 17068?
17135
In base 12, what is 5608 + 3?
560b
In base 7, what is 1160 - -1014?
2204
In base 8, what is -304 - 22?
-326
In base 3, what is -111202 + 220?
-110212
In base 12, what is 4 - -4537a?
45382
In base 7, what is 2 - 36001?
-35666
In base 10, what is -669 - 19?
-688
In base 5, what is 10 - 13310443?
-13310433
In base 9, what is -100121 + -5?
-100126
In base 13, what is -5070 + 15?
-5058
In base 11, what is 6 + -1895?
-188a
In base 3, what is -11 - -22022020?
22022002
In base 16, what is -2 - 300e?
-3010
In base 5, what is -23033 + 1042?
-21441
In base 12, what is -1a - -484a?
4830
In base 3, what is -20012222011 - -101?
-20012221210
In base 16, what is 3 - -c41?
c44
In base 14, what is 565b - 1?
565a
In base 8, what is 24 - 37?
-13
In base 15, what is d3 + 38?
11b
In base 7, what is 2 + 63460?
63462
In base 9, what is -131 - -1841?
1710
In base 8, what is 2 - 17463?
-17461
In base 15, what is 51a0a - 1?
51a09
In base 8, what is -30735 + 6?
-30727
In base 7, what is -25514353 - 1?
-25514354
In base 14, what is 2 - -82947?
82949
In base 4, what is 2320311 + -101?
2320210
In base 7, what is -24 + -1415?
-1442
In base 7, what is 1443 + -2315?
-542
In base 13, what is -537 + 1c7?
-340
In base 4, what is -10 + 2313111?
2313101
In base 16, what is -3 - -4081d?
4081a
In base 9, what is 58823 - -35?
58858
In base 8, what is -5112 + 3?
-5107
In base 6, what is 2104412 - 1?
2104411
In base 4, what is -2031 - 313131?
-321222
In base 13, what is 432 + 15?
447
In base 3, what is -21122111 + -20112?
-21220000
In base 5, what is 1002 - 3442?
-2440
In base 16, what is -4f9 - b?
-504
In base 11, what is 1038a - -159?
10538
In base 15, what is 2dc890 - -5?
2dc895
In base 16, what is -13 + 8d4?
8c1
In base 9, what is -136 + -321?
-457
In base 12, what is 42 - -220?
262
In base 6, what is 111552 - 501?
111051
In base 10, what is 3 + -67118?
-67115
In base 12, what is 505 + -37?
48a
In base 8, what is -7 - 153716?
-153725
In base 11, what is 3 + 117?
11a
In base 2, what is 11101010001110101 + 100?
11101010001111001
In base 10, what is 8 + -79322?
-79314
In base 6, what is -4 + 430530?
430522
In base 9, what is 55757 + -1?
55756
In base 11, what is 62 + -4?
59
In base 7, what is 14141 - 2?
14136
In base 13, what is -a20c - 1?
-a210
In base 5, what is 10 + -400232?
-400222
In base 5, what is 1 + -34224120?
-34224114
In base 4, what is 11 - -3112113?
3112130
In base 12, what is 5 - -643b?
6444
In base 4, what is 11 - -11100001?
11100012
In base 10, what is -2 - 76456?
-76458
In base 5, what is 11214 - -1320?
13034
In base 16, what is 381f - 20?
37ff
In base 11, what is 39 + -1358?
-131a
In base 7, what is -25465 - -6?
-25456
In base 2, what is -110001000001010 + -1?
-110001000001011
In base 15, what is -dd8 + -29?
-e12
In base 13, what is 717 + 4?
71b
In base 11, what is -15 - 5386?
-53a0
In base 7, what is 4663 + -66?
4564
In base 7, what is 2051643 + 15?
2051661
In base 3, what is 110 - -122101222?
122102102
In base 2, what is -10 - -1101110101011101111?
1101110101011101101
In base 16, what is -4 - -7c8?
7c4
In base 10, what is 4015 + -12?
4003
In base 14, what is -5 - -1d165?
1d160
In base 5, what is -12114 - -210?
-11404
In base 2, what is 1100001 - -11010101011?
11100001100
In base 5, what is -404124 + 2?
-404122
In base 12, what is -1 - -92803?
92802
In base 11, what is 754 + -474?
290
In base 14, what is aa5b8 + -3?
aa5b5
In base 16, what is -17c + -1dbe?
-1f3a
In base 8, what is 7 + -146?
-137
In base 9, what is -2 + 12158?
12156
In base 6, what is 332 - 1005?
-233
In base 4, what is 331013 + -11?
331002
In base 5, what is 4 - -412441344?
412441403
In base 15, what is b9e + -3?
b9b
In base 10, what is 10588 - 1?
10587
In base 13, what is 3b - -2ab8?
2b26
In base 13, what is -2a4bc + 15?
-2a4a7
In base 11, what is 5 + -309?
-304
In base 14, what is -1d59b4 - -5?
-1d59ad
In base 3, what is -1201 - -11?
-1120
In base 12, what is 135 - -25a?
393
In base 13, what is 26b + 84?
322
In base 9, what is -2 - 48022?
-48024
In base 8, what is 57527 - 3?
57524
In base 11, what is -5240 + -3?
-5243
In base 14, what is -35a50 + -18?
-35a68
In base 8, what is -147553 - 13?
-147566
In base 8, what is 66213 + 3?
66216
In base 11, what is -28a20 + 2?
-28a19
In base 10, what is 1268 - -15?
1283
In base 16, what is -300 - c6?
-3c6
In base 6, what is 0 + 5320003?
5320003
In base 5, what is 1204 - -4?
1213
In base 16, what is 64bf4 + 5?
64bf9
In base 13, what is 111 - 15c?
-4b
In base 10, what is 20841 - -87?
20928
In base 15, what is -2e8 - 29d?
-596
In base 16, what is 37e + 2c?
3aa
In base 11, what is 147 + -514?
-378
In base 11, what is 0 - -6733?
6733
In base 10, what is 558 - 1?
557
In base 10, what is -9050 + 0?
-9050
In base 14, what is 3 - 38c83?
-38c80
In base 12, what is 925a - -51?
92ab
In base 2, what is -100 + -10011000110001?
-10011000110101
In base 9, what is 18411 + 76?
18487
In base 15, what is e + 4123?
4132
In base 2, what is 0 + -11100100000110?
-11100100000110
In base 6, what is -202205 + 10?
-202155
In base 15, what is -1ab9e + 5?
-1ab99
In base 14, what is 3 + 16d?
172
In base 5, what is -2032 - 1032?
-3114
In base 5, what is 2 + -200431?
-200424
In base 5, what is 100414332 - 2?
100414330
In base 6, what is -51 + 110542?
110451
In base 5, what is -23 - 211402?
-211430
In base 11, what is -12888 - -4?
-12884
In base 11, what is -66 - 2731?
-2797
In base 7, what is -63 - -22426?
22333
In base 2, what is -110 - 1100000101001000?
-1100000101001110
In base 4, what is -20 - -303101?
303021
In base 4, what is -2 - 201302203?
-201302211
In base 8, what is -1603 + -3533?
-5336
In base 3, what is 20102 - 12222?
110
In base 15, what is -33a - 5e0?
-92a
In base 2, what is 1011 - 111101010001110110?
-111101010001101011
In base 4, what is -13010311 + 3?
-13010302
In base 4, what is 233 + 12203302?
12210201
In base 7, what is -3622 - -2032?
-1560
In base 8, what is 22 + -24042?
-24020
In base 7, what is -405 + 144504?
144066
In base 11, what is -17 - -65261?
65245
In base 10, what is 35 - -15952?
15987
In base 14, what is -64a - 8?
-654
In base 15, what is -641 + -89?
-6ca
In base 15, what is 58 + -e04?
-d9b
In base 15, what is caca - -16?
cae1
In base 16, what is -12 - -1ef98?
1ef86
In base 3, what is 102